 47. List the prime factors of f.
47
Let x(b) = b**2 - b - 4. Let t be x(3). Suppose t*y = -3*y + 70. What are the prime factors of y?
2, 7
Let d(n) = n**2 - 3*n + 16. Suppose 2*m = 10, 0 = 2*a - 0*m + 4*m - 34. List the prime factors of d(a).
2, 11
Suppose 4*z - 3*d = -5, z + 6 = -4*d - 0. Let m = z + 8. List the prime factors of m.
2, 3
Suppose 22 = g + 4*p, 5*g + 2*p = -4 + 24. Suppose -5*c = -g*q - 36, q + 0*q = -2*c + 9. What are the prime factors of c?
2, 3
Let j(c) be the first derivative of c**3 + 3*c**2/2 + 2*c - 2. Let a be j(-2). Let k = -1 + a. List the prime factors of k.
7
Let s(g) = -6*g**2 - 2*g + 4. Let t(b) = 5*b**2 + 3*b - 3. Let m(q) = 6*s(q) + 7*t(q). List the prime factors of m(7).
17
Suppose -2 = 3*t - 3*f + f, 5*f - 18 = t. Let o(q) be the third derivative of 5*q**4/12 - q**3/2 + 2*q**2. List the prime factors of o(t).
17
Let o be ((-1)/(-3))/(5/390). List the prime factors of (o/(-2) + 0)/(-1).
13
Let d(f) = 20*f**2 + f - 1. Let x be d(1). List the prime factors of 7/(84/x + -4).
5, 7
Let c(s) = -s**3 + 3*s**2 + s - 1. List the prime factors of c(-2).
17
What are the prime factors of ((-3)/9*-69)/1?
23
Let y(d) be the first derivative of d**2/2 - 14*d - 1. Let i be y(8). Let t = 0 - i. List the prime factors of t.
2, 3
List the prime factors of 109 - (-4 + 2 + -1).
2, 7
Let z = 76 - -231. What are the prime factors of z?
307
Let n = 164 + -101. List the prime factors of n.
3, 7
Let l be (-6)/(-27)*-3*-3. Suppose 29 + 10 = l*g - d, 0 = -g + 4*d + 37. What are the prime factors of g?
17
Suppose -l + 4*l = 0. Suppose -5*v - 54 - 111 = l. Let f = v + 52. What are the prime factors of f?
19
Let m(c) = 2*c**2 - 3*c**2 + 0*c**3 - 2*c + c**3 + 1 + 3*c**2. What are the prime factors of m(1)?
2
Suppose 0 = -4*r + 110 + 126. What are the prime factors of r?
59
Let q be (0 + 2)*1/(-2). What are the prime factors of -1 - (-3)/q*-4?
11
Suppose -2*p = -5*p. Suppose p = j + 4*c - 11, 5*c + 3 + 17 = 0. What are the prime factors of j?
3
Let f = 11 - 8. Suppose 4*b + 2 = -14, 0 = f*a + 3*b - 3. Let k = a + -3. What are the prime factors of k?
2
Suppose -l + 15 = -5*y - 12, -5*y - 111 = -3*l. List the prime factors of l.
2, 3, 7
Suppose -4*q + 2 - 14 = 0. List the prime factors of 3*3 - (-3 - q).
3
Suppose -2*d - 14 = 4*z, -2*d - 3*z - 4 = -4*z. Let w(y) = 4*y - 9. Let l(f) = 7*f - 18. Let b(j) = d*l(j) + 5*w(j). What are the prime factors of b(4)?
5
Suppose -7*m + 25 = -2*m. Suppose 5*u = -2*w + 48, -5*w = 3*u - 20 - m. List the prime factors of 54/u + 16/(-40).
5
Let p(a) be the third derivative of a**5/60 - a**4/8 - 2*a**3/3 - a**2. List the prime factors of p(5).
2, 3
Let o(a) = 3*a. Let m be (1 - 1)/(4/(-2)). Suppose 5*p + 0*n - n - 25 = 0, m = -4*p - 4*n + 20. List the prime factors of o(p).
3, 5
Suppose -2*o - 5*z + 9 + 11 = 0, 4*z + 16 = 0. Let v = o + 8. What are the prime factors of v?
2, 7
Let m = -156 + 224. Let r = -42 + m. Suppose -10 = -5*b, -3*x + r = b - 0*b. What are the prime factors of x?
2
Suppose 0 = 4*o - 3*o. Suppose -8*l + 3*l + 105 = o. What are the prime factors of l?
3, 7
Let a(c) = -4*c - 1. Let s be ((-4)/5)/(6/(-45)). Suppose 3*x = x - s. What are the prime factors of a(x)?
11
Suppose -6*s + 4*s + 44 = 0. What are the prime factors of s?
2, 11
Let y(d) = 20*d - 2. Suppose j - 2*c - 2 - 1 = 0, -2*j + 5*c + 7 = 0. List the prime factors of y(j).
2, 3
Suppose -10 = -c - c, 0 = 4*d - 3*c + 239. Let z = -4 - d. List the prime factors of z.
2, 13
Suppose 105*h - 112*h = -2037. List the prime factors of h.
3, 97
Suppose 6*k - 11*k = -115. What are the prime factors of k?
23
Suppose 0*t - t = -3*p + 3, 2*t + 3*p = -15. Let r = t + 22. List the prime factors of r.
2
Let t(s) = -20*s**3 + s**2 - 2*s + 1. Let w be t(1). Let p = w + 29. List the prime factors of p.
3
List the prime factors of (-99)/(-36) - 1/(-4) - -100.
103
Let t(z) = 39*z**2 + 2*z - 1. Let u be t(1). Let r = u - 4. List the prime factors of r.
2, 3
What are the prime factors of 1/((-26)/(-24) - 1)?
2, 3
Suppose 20 = 4*a, -o + 36 = 5*a - 2. Let s = o - 6. What are the prime factors of s?
7
Let v = 6 - -9. Let t = v + -7. List the prime factors of t.
2
Let k = 44 + -40. What are the prime factors of k?
2
Suppose t - 1 = 3*k, 2*t + 6 = -0*t - 2*k. Let n be t - (2 + -21) - 1. Suppose -3*q = 2*x - n, -2*x = 7 + 1. What are the prime factors of q?
2
Let n be (-3)/(-3 + 2) - 7. Let l = -4 - n. Suppose 2*h - 10 - 14 = l. What are the prime factors of h?
2, 3
Suppose 0 = -2*f + 41 + 97. Let s = 3 + f. Suppose -5*h + 4*w + s = -2, -h + w + 15 = 0. List the prime factors of h.
2, 7
Let y be (-4 - -1) + 3 + -1. List the prime factors of y*(3 - 5) + 1.
3
Suppose 4*g - 3*j - 124 = 330, 0 = -g - j + 110. Suppose 3*l = g + 11. What are the prime factors of l?
41
Suppose 3*b = -4*o - 2*b + 96, -b = 0. Let j = o + -17. List the prime factors of j.
7
Let k be (10/5)/(2/6). Let w = -4 + k. Suppose -w*h + h = -2*i - 8, -29 = -3*h + i. List the prime factors of h.
2, 5
Suppose -3*k + 2*f + 13 = 0, -16 = -2*k - 0*k + 5*f. Let i be 18/(-15)*(-20)/1. Let j = i - k. What are the prime factors of j?
3, 7
Let j = 5 + -20. Let f = 29 + j. List the prime factors of f.
2, 7
Suppose -15*n + 174 + 2076 = 0. What are the prime factors of n?
2, 3, 5
Let y(z) = -2*z. Let f be y(-1). Suppose -f*q + 3*p = 8, 3*q + 2*p + p - 18 = 0. Suppose q*g - 3*g + 9 = 0. What are the prime factors of g?
3
Let p = 3 - -11. Let g = p + -6. What are the prime factors of g?
2
Let h be (4 - 0) + -3 + 4. Suppose -l = -h*l + 32. What are the prime factors of l?
2
Let y(u) = 3*u**2 - 1. Let h be y(1). Let l be h*(-1 - -3) - 2. Suppose 0 = 4*r - n - 49, l*n = -4*r - 3*n + 19. List the prime factors of r.
11
Let g(q) = 3*q**2 - 2*q - 1. Suppose 0 = -2*d - 4*l - 20, -3*l - 18 = 2*d + d. List the prime factors of g(d).
3, 5
Suppose 0 = 5*y + 5, 5*v + y = 4*y + 153. List the prime factors of v.
2, 3, 5
List the prime factors of (-6 - 0)*-7 + -1.
41
Let z(o) = -o**3 + 3*o**2 + 2*o + 1. Let q be z(3). Suppose q = -h + 29. Suppose h = t + 3*f + 3, 3*t + 5*f - 41 = 0. List the prime factors of t.
7
Let h(s) = -s**2 + 10*s + 5. Let q be h(8). Let l(y) = -y**3 + 2*y**2 + 5*y - 2. Let z be l(3). Suppose 0 = -z*k + q + 43. List the prime factors of k.
2
What are the prime factors of 1/(-4) + 170/8 + -6?
3, 5
Let h(w) = 7*w - 22. List the prime factors of h(7).
3
Let f(h) = -h**3 - 7*h**2 - 7*h - 2. Suppose 3*z + 4 = -14. Let u be f(z). Suppose -56 = -u*i + 4*r, -r + 58 = 5*i - 0*i. What are the prime factors of i?
2, 3
Suppose -k - 5*t - 5 = 0, 2*k + 2*t = 6*t + 60. List the prime factors of k.
2, 5
Suppose -244 = -g - 4*f - 0*f, -3*f = 5*g - 1305. List the prime factors of g.
2, 3, 11
Let d = 404 - 265. List the prime factors of d.
139
Let i(f) = -f - 1. Let r be i(-6). Suppose -5*b = -r*q + 65, -5*b - 2*q + 4*q = 56. Let t = b - -17. What are the prime factors of t?
7
Let s(o) be the second derivative of o**4/12 - 7*o**3/6 - 3*o**2 + 4*o. What are the prime factors of s(8)?
2
Let a = 236 - 165. List the prime factors of a.
71
Let y(k) = -k**2 + 2*k + 3. Let g be y(-2). Let h(z) = z**3 + 3*z**2 - 6*z + 4. Let w be h(g). Let o = -6 - w. What are the prime factors of o?
2, 5
Let w(t) = -t**3 - 3*t**2 - t + 2. Let x be w(-2). Suppose 3*b - 31 = -4*o, x*b - 2*o = 5*b - 61. List the prime factors of b.
13
Let j = -9 - -17. What are the prime factors of j?
2
Suppose -4 = -8*s + 7*s. List the prime factors of s/10 + (-115)/(-25).
5
Let f(s) = s**2 + 2*s + 7. List the prime factors of f(6).
5, 11
Let d(b) = b**3 + 6*b**2 + 3*b + 7. What are the prime factors of d(-5)?
17
Let a = -28 - -80. What are the prime factors of a?
2, 13
Let v = 52 - 25. Suppose 4*i - v = -0*i + 3*b, -3*i + 15 = -4*b. What are the prime factors of i - 6 - -1*1?
2
Let g = -4 - -9. Let u(k) = -2*k**2 + 12*k - 7. Let v(l) = -3*l**2 + 18*l - 11. Let i(p) = g*v(p) - 7*u(p). List the prime factors of i(4).
2
Let l = -8 + 26. Let t = l + -6. List the prime factors of (4/(-6))/(t/(-306)).
17
Suppose -89 = 5*g - 704. List the prime factors of g.
3, 41
Let c(t) = t**2 - 6. List the prime factors of c(-4).
2, 5
Suppose 5*x - 1 = 9. Suppose o - 3 = -z - 4, -5*z + x*o = 33. Let r = z - -9. What are the prime factors of r?
2
Let y be -2 - (2 + 0 + -9). Suppose -4